{"id":1121,"date":"2020-03-09T19:38:10","date_gmt":"2020-03-09T18:38:10","guid":{"rendered":"https:\/\/bastel.soljoy.at\/?page_id=1121"},"modified":"2022-10-22T16:18:46","modified_gmt":"2022-10-22T14:18:46","slug":"gis-software","status":"publish","type":"page","link":"https:\/\/www.soljoy.at\/?page_id=1121","title":{"rendered":"GIS-Software"},"content":{"rendered":"<div  data-label=\"EUGENgms\" data-id=\"content--2\" data-export-id=\"content-16\" data-category=\"content\" class=\"content-16 content-section content-section-spacing\" id=\"eugengms\" style=\"background-color: rgb(255, 255, 255);\"><div  class=\"gridContainer\"> <div  class=\"row middle-sm\"><div  class=\"col-sm-6 space-bottom-xs\" data-type=\"column\"> <h2  class=\"\" style=\"border-bottom-color: rgb(0, 124, 48);\">EU-GEN.gms<\/h2> <h3  class=\"\">unser <span  style=\"font-weight: 900;\">G<\/span>eographisches<span  style=\"font-weight: 900;\">M<\/span>anagement<span  style=\"font-weight: 900;\">S<\/span>ystem<\/h3><p  class=\"\">Mit <span  style=\"font-weight: 700;\">EU-GEN.gms<\/span> beschreiten wir v\u00f6llig neue Wege im Leitungsmanagement und der Verwaltung von GeoDaten.\n<br >Es ist uns gelungen ein zentrales Mangementtool zu schaffen, das Datenverwaltern und Datenproduzenten gleichsam die M\u00f6glichkeit gibt, in Interaktion zu treten und allen Beteiligten die richtigen Informationen in \n<br >Echtzeit zur Verf\u00fcgung zu stellen.&nbsp;\n\n<br ><br >Sollten wir Ihr Interesse geweckt haben, oder Sie haben noch Fragen, bitte rufen Sie uns unter 0316\/225 333 an oder<\/p> <a class=\"button color1\" href=\"mailto:office@soljoy.at\" target=\"_self\" data-cp-link=\"1\" data-icon=\"\" rel=\"noopener noreferrer\">schreiben Sie uns<\/a><\/div> <div  class=\"col-sm-6 flexbox around-xs top-xs space-top-xs space-bottom-xs\"><div  class=\"overlay-box flexbox middle-xs center-xs overlay-holder\"> <div  class=\"overlay-box-offset offset-border shadow-medium border-color2 hide-xs\"><\/div> <a data-cp-link=\"1\" href=\"#\" target=\"_self\" rel=\"noopener noreferrer\"><img decoding=\"async\"  class=\"flexbox shadow-large img1\" data-size=\"500x500\" src=\"https:\/\/soljoy.at\/wp-content\/uploads\/2020\/03\/cropped-eugen_kreis-4.png\" alt=\"GIS-Software\" title=\"cropped-eugen_kreis-4.png\"><\/a><\/div> <\/div><\/div> <\/div><\/div><div  data-label=\"EUGENweb\" data-id=\"content--1\" data-export-id=\"content-15\" data-category=\"content\" class=\"content-15 content-section content-section-spacing\" id=\"eugenweb\" style=\"background-color: rgb(245, 250, 253);\"><div  class=\"gridContainer\"> <div  class=\"row middle-sm\"><div  class=\"col-sm-6 flexbox around-xs top-xs space-bottom-xs space-top-xs\"> <div  class=\"overlay-box flexbox middle-xs center-xs overlay-holder\"><div  class=\"overlay-box-offset offset-border shadow-medium border-color2 hide-xs\"><\/div> <a data-cp-link=\"1\" href=\"#\" target=\"_self\" rel=\"noopener noreferrer\"><img decoding=\"async\"  class=\"flexbox shadow-large img1\" data-size=\"500x500\" src=\"https:\/\/soljoy.at\/wp-content\/uploads\/2020\/03\/cropped-EU-GENgps-3.png\" alt=\"GIS-Software\" title=\"cropped-EU-GENgps-3.png\"><\/a><\/div> <\/div> <div  class=\"col-sm-6\" data-type=\"column\"> <h2  class=\"\" style=\"border-bottom-color: rgb(0, 124, 48);\">EU-GEN.web<\/h2>  <h3  class=\"\">Geodaten jederzeit und auf allen Ger\u00e4ten<\/h3><p  class=\"\">Mit EU-GEN.web sind Ihre Geodaten, unabh\u00e4ngig vom Betriebssystem, auf jedem Endger\u00e4t (Smartphone, Tablet, PC, Mac) verf\u00fcgbar.\n\n<br ><br >Sollten wir Ihr Interesse geweckt haben, oder Sie haben noch Fragen, bitte rufen Sie uns unter 0316\/225 333 an oder<\/p><a class=\"button color1\" href=\"mailto:office@soljoy.at\" target=\"_self\" data-cp-link=\"1\" data-icon=\"\" rel=\"noopener noreferrer\">schreiben Sie uns<\/a><\/div> <\/div><\/div> <\/div>","protected":false},"excerpt":{"rendered":"<p>EU-GEN.gms unser GeographischesManagementSystemMit EU-GEN.gms beschreiten wir v\u00f6llig neue Wege im Leitungsmanagement und der Verwaltung von GeoDaten. Es ist uns gelungen ein zentrales Mangementtool zu schaffen, das Datenverwaltern und Datenproduzenten gleichsam die M\u00f6glichkeit gibt, in Interaktion zu treten und allen Beteiligten die richtigen Informationen in Echtzeit zur Verf\u00fcgung zu stellen.&nbsp; Sollten wir Ihr Interesse geweckt haben,&hellip; <br \/> <a class=\"read-more\" href=\"https:\/\/www.soljoy.at\/?page_id=1121\">Read more<\/a><\/p>\n","protected":false},"author":1,"featured_media":1026,"parent":0,"menu_order":0,"comment_status":"closed","ping_status":"closed","template":"pro\/page-templates\/full-width-page.php","meta":{"footnotes":""},"class_list":["post-1121","page","type-page","status-publish","has-post-thumbnail","hentry"],"_links":{"self":[{"href":"https:\/\/www.soljoy.at\/index.php?rest_route=\/wp\/v2\/pages\/1121","targetHints":{"allow":["GET"]}}],"collection":[{"href":"https:\/\/www.soljoy.at\/index.php?rest_route=\/wp\/v2\/pages"}],"about":[{"href":"https:\/\/www.soljoy.at\/index.php?rest_route=\/wp\/v2\/types\/page"}],"author":[{"embeddable":true,"href":"https:\/\/www.soljoy.at\/index.php?rest_route=\/wp\/v2\/users\/1"}],"replies":[{"embeddable":true,"href":"https:\/\/www.soljoy.at\/index.php?rest_route=%2Fwp%2Fv2%2Fcomments&post=1121"}],"version-history":[{"count":17,"href":"https:\/\/www.soljoy.at\/index.php?rest_route=\/wp\/v2\/pages\/1121\/revisions"}],"predecessor-version":[{"id":1420,"href":"https:\/\/www.soljoy.at\/index.php?rest_route=\/wp\/v2\/pages\/1121\/revisions\/1420"}],"wp:featuredmedia":[{"embeddable":true,"href":"https:\/\/www.soljoy.at\/index.php?rest_route=\/wp\/v2\/media\/1026"}],"wp:attachment":[{"href":"https:\/\/www.soljoy.at\/index.php?rest_route=%2Fwp%2Fv2%2Fmedia&parent=1121"}],"curies":[{"name":"wp","href":"https:\/\/api.w.org\/{rel}","templated":true}]}}